 Give h(1).
-2
Let y(s) = -18*s + 207. Determine y(11).
9
Let j(p) = -565*p - 3365. What is j(-6)?
25
Let z(b) = -7*b**3 + 286*b**2 + 288*b + 2. What is z(-1)?
7
Let o(t) = 3*t**3 - 19*t**2 + 13*t - 41. Give o(6).
1
Let g(n) = -151*n - 371. Give g(-2).
-69
Let z(x) = 16*x - 26. What is z(-5)?
-106
Let o(d) = -1313*d + 59084. Give o(45).
-1
Let z(k) = -96*k - 19678. Give z(-205).
2
Let m(y) = -y**3 + 39*y**2 - 105*y - 82. Calculate m(36).
26
Let s(w) = 6*w**2 + 282*w + 42. What is s(-47)?
42
Let w(v) = v**3 + 96*v**2 - 198*v - 215. Calculate w(-98).
-19
Let p(n) = -10*n**2 + 976*n + 975. Give p(-1).
-11
Let u(g) = 55*g - 208. What is u(6)?
122
Let x(n) = 9*n**2 - 774*n - 2318. What is x(-3)?
85
Let z(u) = -521*u - 45345. What is z(-87)?
-18
Let g(d) = 55*d - 354. Determine g(5).
-79
Let x(g) = 5*g**2 - 91*g + 401. Give x(11).
5
Let y(g) = 8*g + 295. What is y(-41)?
-33
Let u(i) = -5957*i + 29775. Give u(5).
-10
Let u(g) = 6*g**3 + 140*g**2 + 51*g + 113. Calculate u(-23).
-2
Let h(w) = -w**3 + 14*w**2 - 7*w + 174. What is h(14)?
76
Let y(k) = -35*k**2 + 13*k + 1. Give y(1).
-21
Let i(n) = -2*n + 113. Calculate i(31).
51
Let t(j) = 83*j - 1419. Calculate t(17).
-8
Let h(i) = 2*i**3 + 9*i**2 + 10*i + 11. Determine h(-6).
-157
Let o(d) = 5*d**2 - 19*d - 1. What is o(3)?
-13
Let g(m) = 1936*m - 3839. What is g(2)?
33
Let d(h) = h**3 + 23*h**2 - 20*h - 357. Give d(-23).
103
Let x(r) = 17*r**2 - 136*r - 86. Determine x(9).
67
Let a(p) = -820*p + 9024. What is a(11)?
4
Let c(j) = -j**3 - 89*j**2 - 787*j + 219. Determine c(-79).
-18
Let l(m) = 41*m + 70. Calculate l(-2).
-12
Let o(p) = -24*p + 902. Give o(37).
14
Let z(m) = m**3 + 74*m**2 - 257*m - 2001. Determine z(-77).
1
Let s(z) = -z**2 - 113*z - 529. Determine s(-5).
11
Let f(g) = -30*g**2 - 14*g + 11. Give f(1).
-33
Let l(s) = -s**3 - 8*s**2 + 26*s - 4. Give l(-12).
260
Let d(i) = -i**3 + 18*i**2 - 71*i - 3. Give d(7).
39
Let t(m) = -m**3 + 13*m**2 + 108*m - 1036. Give t(7).
14
Let o(g) = 32*g - 1113. Determine o(31).
-121
Let g(x) = 7*x**2 + 3*x - 5. What is g(-1)?
-1
Let y(m) = -5*m**2 + 1440*m + 2887. Give y(290).
-13
Let k(i) = 96*i + 7417. Give k(-77).
25
Let s(k) = k**2 + 85*k + 1323. Give s(-20).
23
Let h(w) = -w**3 + 15*w**2 - 73*w + 129. Give h(7).
10
Let i(u) = -u**3 - 63*u**2 + 79*u + 954. Give i(-64).
-6
Let x(y) = 95*y - 33. Determine x(0).
-33
Let o(c) = -109*c + 670. What is o(6)?
16
Let z(n) = -n**3 + 4*n**2 + 31*n - 41. Give z(7).
29
Let m(j) = -3*j**3 + 16*j**2 - 296*j + 808. Calculate m(3).
-17
Let u(d) = -3*d**2 - 5*d + 131. What is u(6)?
-7
Let m(x) = -5*x**3 + 5*x**2 - 2*x + 13. Determine m(-4).
421
Let o(g) = -38*g - 79. Give o(-6).
149
Let h(i) = 23*i - 420. Calculate h(17).
-29
Let y(h) = -2*h**3 + 45*h**2 + 12*h + 21. Give y(23).
-232
Let v(o) = o**2 + 55*o + 706. Give v(-24).
-38
Let b(d) = 948*d - 5663. Determine b(6).
25
Let f(w) = w**2 - 482*w + 53324. Give f(310).
4
Let w(x) = 4*x**3 - 3*x**2 - 2*x - 18. Give w(5).
397
Let w(v) = -1302*v + 5234. Determine w(4).
26
Let s(p) = p**2 + 63*p + 1093. What is s(-49)?
407
Let n(o) = -o**3 - 2*o**2 - o + 19. Determine n(2).
1
Let n(j) = -j**3 - 26*j**2 + 32*j - 6. What is n(-27)?
-141
Let k(z) = 9*z**2 + 19*z + 49. Calculate k(-4).
117
Let j(f) = -59*f - 597. Determine j(-10).
-7
Let j(v) = 43*v + 61. Give j(7).
362
Let u(q) = -4*q**2 - 89*q - 49. Give u(-22).
-27
Let d(j) = 6*j**2 + 181*j - 66. What is d(-26)?
-716
Let x(j) = j**2 - 103*j + 929. Give x(10).
-1
Let c(b) = 461*b - 19871. Calculate c(43).
-48
Let k(w) = w**2 + 184*w + 1069. Calculate k(-6).
1
Let r(v) = -3*v**3 - 22*v**2 - 14*v - 29. Calculate r(-7).
20
Let c(w) = w**3 - 9*w**2 + 14*w - 3. Determine c(8).
45
Let x(d) = d**3 + 4*d**2 - 28*d - 66. Determine x(-2).
-2
Let w(k) = k**3 - 10*k**2 + 98*k - 567. What is w(9)?
234
Let g(d) = -d**3 - 167*d**2 + 146*d + 51792. What is g(-166)?
0
Let z(h) = h**2 + 23*h - 304. Determine z(-32).
-16
Let m(o) = -o**2 + 50*o + 159. What is m(43)?
460
Let w(v) = -v**3 + 28*v**2 - 184*v + 6. Determine w(11).
39
Let j(z) = -2*z**3 + 11*z**2 - 96*z + 616. Calculate j(6).
4
Let u(n) = 568*n - 548. Determine u(1).
20
Let j(b) = 74*b - 9260. Give j(125).
-10
Let v(h) = -h**2 + 12*h + 67. Calculate v(0).
67
Let v(y) = 9*y**2 - 2*y + 10. What is v(0)?
10
Let t(c) = -27*c + 332. What is t(14)?
-46
Let t(p) = -47*p**2 - 53*p + 1. Give t(-1).
7
Let i(c) = c**2 - 4*c - 108. Determine i(25).
417
Let z(o) = -o**3 - 55*o**2 - 46*o + 421. Determine z(-54).
-11
Let f(z) = -4*z**2 - 41*z + 254. Determine f(-14).
44
Let o(z) = -z**3 - 75*z**2 + 158*z + 215. What is o(-77)?
-93
Let o(x) = 106*x - 1593. Determine o(15).
-3
Let o(u) = u**2 - 441*u - 7759. Give o(-17).
27
Let r(s) = -182*s**2 + 3*s - 1. Calculate r(1).
-180
Let r(j) = -2*j**3 - 162*j**2 + 169*j + 403. What is r(-82)?
-7
Let s(o) = o**3 - o**2 - 24*o - 121. Give s(-6).
-229
Let p(c) = -c**3 - 21*c**2 + 163*c + 87. Calculate p(-27).
60
Let l(f) = 24*f - 259. Calculate l(6).
-115
Let z(n) = 5*n - 153. Calculate z(46).
77
Let t(k) = -7*k**2 - 284*k - 2882. Determine t(-21).
-5
Let f(w) = -8*w**2 - 131*w + 10. What is f(-16)?
58
Let d(i) = -i**3 + 3*i**2 + 99*i + 188. Give d(-2).
10
Let d(w) = -w**2 - 695*w - 2761. Calculate d(-4).
3
Let d(o) = 16*o + 680. Determine d(-39).
56
Let o(m) = -8*m - 266. Calculate o(3).
-290
Let o(f) = -f**3 - 3*f**2 + 25*f + 36. What is o(-6)?
-6
Let o(n) = n**3 + 20*n**2 + 6*n - 84. Determine o(-19).
163
Let r(d) = 776*d**3 - 2*d**2 + 137*d - 136. What is r(1)?
775
Let i(f) = 64*f - 144. Calculate i(3).
48
Let a(s) = 2*s**2 + 37*s + 71. Determine a(-16).
-9
Let p(h) = h**3 + 14*h**2 - 70*h - 392. Give p(-17).
-69
Let r(d) = -40*d - 479. Calculate r(-5).
-279
Let h(b) = -3*b**2 + 238*b + 704. Give h(-3).
-37
Let a(k) = k**2 - 91*k - 1113. Determine a(-11).
9
Let g(k) = -13*k**2 + 52*k - 221. What is g(4)?
-221
Let h(m) = 78*m**2 - 14*m + 34. Give h(2).
318
Let l(u) = -428*u + 50502. Determine l(118).
-2
Let s(n) = -n**3 + 17*n**2 - 15*n + 64. Determine s(16).
80
Let p(j) = -3906*j - 11723. What is p(-3)?
-5
Let b(t) = -t**2 + 44*t - 334. Give b(27).
125
Let f(g) = 79*g - 402. Give f(5).
-7
Let t(h) = h**3 - 69*h**2 + 319*h + 138. Give t(64).
74
Let s(a) = 11*a + 98. Calculate s(-2).
76
Let r(s) = 2*s**3 + 58*s**2 + 51*s - 152. Give r(-28).
-12
Let o(p) = 26*p + 2536. Calculate o(-99).
-38
Let c(l) = -l**2 + 260*l + 1588. Calculate c(-6).
-8
Let m(w) = -3*w**2 - 546*w + 547. What is m(-183)?
-2
Let n(h) = -h**2 + 77*h + 244. Determine n(-3).
4
Let n(j) = 103*j - 882. Determine n(9).
45
Let m(f) = 2374*f - 16598. What is m(7)?
20
Let b(n) = 368*n + 15462. Determine b(-42).
6
Let w(r) = 2*r**3 - 50*r**2 - 2*r + 20. Determine w(25).
-30
Let g(q) = -5*q**2 + 10*q + 3. Calculate g(-4).
-117
Let z(m) = 270*m - 6486. Calculate z(24).
-6
Let l(r) = -2*r**3 + 13*r**2 + 14*r - 2. Determine l(8).
-82
Let v(z) = z**2 - 2*z + 125. What is v(-12)?
293
Let l(b) = 8*b**3 - 42*b**2 + 6*b + 23. Give l(5).
3
Let v(k) = -13*k**2 - 135*k - 132. Give v(-1).
-10
Let t(b) = -666*b + 19321. What is t(29)?
7
Let r(i) = 18*i**2 - 90*i - 85. Determine r(-1).
23
Let p(j) = j**3 + 4*j**2 - 14*j + 6. Determine p(-6).
18
Let u(x) = -x**3 + 7*x**2 + 101*x - 161. Determine u(-8).
-9
Let o(f) = -48*f + 1369. Determine o(29).
-23
Let x(o) = 479*o - 1042. Calculate x(2).
-84
Let l(k) = 6*k + 29. What is l(-11)?
-37
Let l(c) = 5*c**3 + 4*c**2 - 93*c - 1. What is l(0)?
-1
Let h(d) = 1168*d + 7027. Determine h(-6).
19
Let w(g) = -g**3 - 42*g**2 - 79*g - 159. What is w(-40)?
-199
Let j(n) = -11*n**2 - 8*n - 11. Calculate j(-3).
-86
Let n(p) = p**3 + 32*p**2 + 205*p - 160. Give n(-10).
-10
Let a(s) = 111*s - 1428. What is a(13)?
15
Let u(q) = -29*q - 186. Calculate u(-7).
17
Let u(w) = -53*w + 414. Calculate u(7).
43
Let s(t) = -28*t - 109. Give s(-8).
115
Let a(n) = 11*n**2 + 874*n + 400. What is a(-79)?
5
Let i(s) = s**3 + s**2 + 4*s - 293. Give i(0).
-293
Let r(h) = 438*h - 885. Calculate r(2).
-9
Let s(j) = 4*j**2 - 21*j - 426. Calculate s(-8).
-2
Let x(p) = -1457*p + 33482. What is x(23)?
-29
Let q(b) = -b**3 - 10*b**2 + 31*b + 190. Determine q(-11).
-30
Let n(g) = -4*g**3 + 31*g**2 - 175*g + 802. Give n(6).
4
Let x(l) = -6*l**2 + 17*l + 43. Determine x(-4).
-121
Let z(r) = 98*r - 233. Deter